 and 6922332?
36
Calculate the highest common divisor of 85190 and 630.
70
What is the highest common divisor of 30786 and 98?
14
What is the highest common divisor of 2930 and 20?
10
Calculate the highest common factor of 1076369 and 399.
133
What is the highest common divisor of 42258 and 12?
6
What is the highest common factor of 328068 and 5382?
234
Calculate the greatest common divisor of 2075 and 8134.
83
What is the highest common factor of 2565184 and 112?
16
Calculate the greatest common factor of 312 and 5577.
39
What is the highest common divisor of 8736 and 32?
32
What is the greatest common divisor of 75548 and 1122?
374
Calculate the highest common factor of 12 and 14258508.
12
Calculate the greatest common factor of 65913 and 1905.
381
Calculate the highest common factor of 9705 and 780.
15
Calculate the greatest common factor of 114654 and 2328.
582
Calculate the greatest common divisor of 12 and 775044.
12
What is the greatest common divisor of 272 and 269552?
272
What is the greatest common factor of 6661483 and 842?
421
What is the highest common factor of 171 and 264879?
171
Calculate the greatest common factor of 44405 and 20833.
83
What is the greatest common factor of 1458 and 534114?
486
Calculate the greatest common factor of 35 and 73.
1
What is the greatest common divisor of 74390 and 107260?
1730
Calculate the highest common factor of 540 and 111996.
108
Calculate the highest common divisor of 3213 and 40851.
459
Calculate the greatest common divisor of 83864 and 792.
88
Calculate the highest common divisor of 359775 and 41.
41
What is the highest common factor of 370946 and 3474?
386
What is the greatest common factor of 12 and 863220?
12
What is the greatest common factor of 224 and 18242?
14
Calculate the greatest common divisor of 214912 and 8.
8
What is the greatest common divisor of 7 and 153013?
7
Calculate the greatest common divisor of 180978 and 20850.
834
What is the greatest common divisor of 318190 and 752?
94
What is the greatest common factor of 93 and 158968?
31
What is the greatest common divisor of 157572 and 108?
108
Calculate the greatest common divisor of 24 and 97500.
12
Calculate the greatest common factor of 15063 and 39.
3
What is the greatest common factor of 790 and 51666?
158
Calculate the highest common divisor of 4016922 and 588.
294
Calculate the highest common factor of 2550 and 13566.
102
What is the highest common divisor of 1144 and 4136?
88
Calculate the highest common divisor of 2628 and 16352.
292
Calculate the greatest common divisor of 87291 and 366.
183
What is the greatest common factor of 363 and 39?
3
What is the highest common divisor of 300 and 11490?
30
What is the greatest common factor of 3345 and 420?
15
What is the highest common divisor of 46930 and 1045?
95
Calculate the highest common factor of 16 and 1068760.
8
What is the highest common factor of 234 and 468?
234
Calculate the highest common factor of 1891 and 775.
31
What is the greatest common divisor of 19026 and 1176?
42
Calculate the greatest common divisor of 515 and 7.
1
What is the greatest common divisor of 635640 and 240?
120
Calculate the highest common factor of 2155044 and 564.
564
What is the greatest common factor of 51054 and 1005?
201
Calculate the greatest common factor of 18304 and 31603.
143
What is the highest common divisor of 104 and 41054?
26
What is the greatest common divisor of 88 and 248?
8
Calculate the greatest common factor of 42822 and 1458.
54
What is the greatest common factor of 39795 and 435?
15
Calculate the greatest common factor of 13366 and 19270.
82
Calculate the highest common divisor of 574 and 99794.
82
What is the greatest common divisor of 121 and 53394?
11
Calculate the greatest common factor of 48 and 69152.
16
Calculate the highest common divisor of 22320 and 5040.
720
Calculate the highest common divisor of 11432 and 24.
8
What is the highest common divisor of 15792 and 8225?
329
What is the greatest common divisor of 530361 and 26?
13
Calculate the greatest common divisor of 1625 and 16055.
65
Calculate the highest common factor of 142 and 2346124.
142
Calculate the highest common factor of 32440 and 8.
8
What is the greatest common divisor of 19239 and 155001?
363
Calculate the greatest common divisor of 348 and 85872.
12
Calculate the highest common divisor of 1034 and 1034.
1034
Calculate the highest common divisor of 204 and 843.
3
Calculate the greatest common divisor of 52 and 42822.
26
What is the greatest common factor of 12 and 116036?
4
What is the highest common factor of 35 and 5?
5
What is the greatest common factor of 1798 and 32922?
62
What is the greatest common divisor of 219 and 136729?
73
Calculate the highest common factor of 296328 and 88.
8
Calculate the greatest common divisor of 65952 and 9.
9
Calculate the highest common factor of 9020 and 3740.
220
Calculate the greatest common divisor of 1 and 2999.
1
Calculate the highest common divisor of 5658 and 5106.
138
Calculate the greatest common divisor of 3120 and 4720.
80
What is the highest common factor of 275839 and 92?
23
Calculate the greatest common divisor of 1100 and 851950.
550
What is the highest common divisor of 125940 and 60?
60
Calculate the greatest common divisor of 161962 and 282.
94
Calculate the greatest common factor of 151104 and 48.
48
What is the greatest common factor of 5488 and 399840?
784
Calculate the greatest common factor of 2030 and 39830.
70
What is the greatest common divisor of 23632 and 224?
112
Calculate the greatest common factor of 6669 and 170586.
351
Calculate the highest common divisor of 34738 and 396.
22
What is the greatest common factor of 12200 and 1900?
100
What is the greatest common factor of 32034 and 39902?
562
What is the highest common divisor of 14122 and 2?
2
Calculate the highest common divisor of 879619 and 13.
13
What is the highest common factor of 81395 and 3650?
365
Calculate the greatest common factor of 19430 and 1160.
290
Calculate the highest common divisor of 1625 and 2075.
25
Calculate the greatest common divisor of 84525 and 60.
15
Calculate the greatest common divisor of 1769524 and 596.
596
What is the greatest common divisor of 9 and 9270?
9
Calculate the highest common divisor of 11 and 209649.
11
Calculate the greatest common factor of 114 and 25042.
38
What is the highest common factor of 13225 and 83053?
529
What is the highest common factor of 7231 and 1106?
7
What is the greatest common factor of 40369 and 63?
7
What is the highest common factor of 62416 and 747?
83
Calculate the highest common factor of 42177 and 102.
51
Calculate the highest common divisor of 40 and 5620.
20
Calculate the highest common factor of 56 and 381080.
56
What is the greatest common divisor of 269 and 310157?
269
What is the highest common divisor of 920 and 26864?
184
Calculate the greatest common divisor of 166745 and 10.
5
What is the greatest common factor of 17287 and 1121?
59
What is the highest common factor of 3 and 7905?
3
Calculate the greatest common divisor of 260 and 377.
13
What is the greatest common factor of 6027 and 29694?
147
Calculate the greatest common divisor of 214245 and 690.
345
Calculate the greatest common factor of 5148 and 805896.
468
Calculate the greatest common factor of 128 and 22828.
4
Calculate the highest common divisor of 585 and 155.
5
What is the highest common factor of 196 and 155134?
98
What is the greatest common divisor of 135164 and 4?
4
What is the greatest common factor of 72135 and 315?
315
Calculate the highest common divisor of 50 and 3490.
10
Calculate the highest common factor of 858 and 401687.
143
What is the highest common factor of 34 and 561289?
17
Calculate the greatest common divisor of 995585 and 10.
5
What is the highest common factor of 1280 and 1664?
128
What is the highest common divisor of 3245 and 5335?
55
Calculate the highest common divisor of 2422 and 2002.
14
What is the highest common divisor of 26270 and 148?
74
What is the highest common divisor of 74232 and 720?
72
What is the highest common divisor of 456 and 3076062?
114
Calculate the greatest common factor of 48 and 259696.
16
What is the greatest common factor of 175 and 2313325?
175
What is the greatest